 = -2*t, 2*l + 7 = -3*t + 62. What are the prime factors of t?
3, 7
Let g(a) = a - 6. Let d be g(8). Let r(c) = -4*c**2 + c - 2. Let p be r(d). Let n = -9 - p. List the prime factors of n.
7
Let k = 45 - 24. List the prime factors of k.
3, 7
Let u = 115 + -70. List the prime factors of u.
3, 5
Let m(v) = -v**3 + 21*v**2 - 18*v - 17. What are the prime factors of m(20)?
23
Let g be 2/(-5) - 2/(-5). Suppose -z - 2*z = -3, -2*m - 5*z + 49 = g. What are the prime factors of m?
2, 11
Let u(i) = i**2 - i - 1. Let h be u(3). Suppose -o + h = -0. Suppose -o*y + t - 1 + 39 = 0, 2*y - 5 = -3*t. What are the prime factors of y?
7
Let v(f) = f**3 - 7*f**2 + 4. Let g be v(7). Suppose -h + 210 = g*h. What are the prime factors of h?
2, 3, 7
Suppose -3*s = 2*s. Let a(m) = -m - m - 5 + s*m + m**2. What are the prime factors of a(5)?
2, 5
Let m(u) = 0 + 5*u**2 + 0 - 5*u**3. Let r(b) = -6*b**3 + 5*b**2 + b - 1. Let o(w) = 5*m(w) - 4*r(w). What are the prime factors of o(4)?
2
Suppose -4*k + 4*r + 1150 = 86, 0 = -2*r + 10. What are the prime factors of k?
271
Let r = 12 + -9. Suppose -r*m + 66 = -0*m. What are the prime factors of m?
2, 11
Suppose -3*f + 14 = -46. List the prime factors of (-1)/((-1)/(f - 3)).
17
Let b(k) = 4*k + 1. Let a(l) = -l**2 + 8*l + 1. Let t be a(8). What are the prime factors of b(t)?
5
Suppose -8*f + 4*f + 2*d + 26 = 0, -2*f - 5*d + 19 = 0. Let x = f - 4. Suppose i + x*i = 44. What are the prime factors of i?
11
Suppose -4*m - 5*x = -138 - 80, -4*x + 60 = m. What are the prime factors of m?
2, 13
Let x(k) = -k - 3. Let f be x(6). Let b be (-118)/(-6) + (-3)/f. Let c = b + -14. List the prime factors of c.
2, 3
Suppose 0 = 2*c + o + 3*o - 2, -14 = -2*c - o. List the prime factors of c.
3
Let r(y) = -y**3 + 7*y**2 - 2*y + 1. Let x = -24 + 30. What are the prime factors of r(x)?
5
Suppose d - 7 = -2*b, 5*b - 10 + 0 = 0. List the prime factors of (-1 + d)*(-12)/(-3).
2
Let x be 6/2 + 1 - 1. Suppose -3*n + 4*h = -80 + 4, 0 = x*n - 3*h - 72. Let d = -11 + n. What are the prime factors of d?
3
Let d(p) = p**2 - p + 34. Let g be d(0). Suppose -5*t + g = -26. What are the prime factors of t?
2, 3
Suppose y + 12 = 4*y. Suppose -t + 10 = y*t. Suppose c - 3*j - t - 6 = 0, 0 = 3*j + 3. What are the prime factors of c?
5
List the prime factors of (12/4 - -27) + -1.
29
Let y = 66 - 26. Suppose 0 = 2*a - y + 6. List the prime factors of a.
17
Let f(b) = 2*b + 2 + 0 - b**3 + 8*b**2 - 8*b**2. Let s = 2 - 4. What are the prime factors of f(s)?
2, 3
Let k(z) = z**3 - 9*z**2 + z - 5. Let n be k(9). Let p be ((-82)/n)/((-6)/12). Let b = -27 + p. List the prime factors of b.
2, 7
Let l(t) = 2*t + 12. Let a be l(-7). Let p be (-1 - 5)/((-9)/(-6)). Let m = a - p. What are the prime factors of m?
2
Suppose d = -4*s + 634, -s + 5*d + 0 + 169 = 0. What are the prime factors of s?
3, 53
Suppose -3*u + u = -4*m + 20, -4*u - 1 = 5*m. Suppose 0 = m*z - 8*z + 10. Suppose z*t + 0 - 4 = 0. What are the prime factors of t?
2
Let o(a) = a**3 - a**2 - 2*a - 1. Let u be -1*(0 + 1)*-15. Suppose -3*m + u = 2*m. List the prime factors of o(m).
11
Let g = -73 + 122. What are the prime factors of g?
7
Suppose -5*t + 101 = -69. What are the prime factors of t?
2, 17
Let y(c) = -2*c + 21. Let n be y(15). What are the prime factors of (-34)/(-4) + n/18?
2
Suppose 2*c - 29 - 47 = 0. Let j = 82 - c. Suppose f + 3*f = j. List the prime factors of f.
11
Suppose -4*a + 290 = 3*v - 8*v, 2*a = -5*v + 130. What are the prime factors of a?
2, 5, 7
Suppose -p + 3 = -m, 5*p - 15 - 6 = 2*m. Suppose m*t - 4*t - 2 = -b, t - 11 = -b. Let l = -1 + b. What are the prime factors of l?
7
Suppose 10*l + 190 = 11*l. List the prime factors of l.
2, 5, 19
Suppose -3*l + 2*l + 5 = b, b - 5*l - 35 = 0. Let j be (-13)/(-5) - (-4)/b. Suppose j*y - 10 = y. List the prime factors of y.
5
Suppose 178 = 10*x - 942. List the prime factors of x.
2, 7
Let x(i) = 2*i**3 + i**2 + i - 1. Let v = 4 - 2. List the prime factors of x(v).
3, 7
Let j(i) be the first derivative of i**4/4 + i**3/3 + 6*i + 2. Suppose -7*d + 3*d = 0. What are the prime factors of j(d)?
2, 3
Let s be (-3)/6*(3 + -3). Suppose s*c - 4*c + 76 = -5*t, -2*c = 3*t - 60. List the prime factors of c.
2, 3
Let w = 9 + -6. What are the prime factors of -3 + (13 - 2) + w?
11
Suppose -2*b = -n - 3*n + 12, 18 = 5*n - b. Suppose -n*h = -52 + 4. What are the prime factors of h?
2, 3
Suppose -3*a + 2 = 4*m, 0*a + 3*a = 5*m - 16. Let o be (11 - m - 1)*-1. What are the prime factors of 30/7 - o/(-28)?
2
Let x = 11 - -10. What are the prime factors of x?
3, 7
Suppose -13*t + 30*t = 5542. What are the prime factors of t?
2, 163
Let n = 3 - 1. Suppose n*t = -5*u + 214, 156 = 3*u - 5*t + 40. What are the prime factors of (-2)/4 + u/4?
2, 5
Suppose 0*w = -2*w - t + 534, -5*w = 3*t - 1337. List the prime factors of w.
5, 53
List the prime factors of 8/28 - 792/(-21).
2, 19
Let g(p) = -15*p**3 + p**2 + 7*p - 1. What are the prime factors of g(-3)?
2, 7
Suppose 23 - 8 = 3*y. Suppose -5*n - y*q = -205, 3*n = -0*n + 3*q + 135. List the prime factors of n.
43
Suppose 0 = k - w - 27, -2*w = 2*k + k - 91. What are the prime factors of k?
29
Let p(h) = -h**3 - 7*h**2 - h. Let z be p(-6). Let s be (4/12)/(2/z). Let a(q) = q + 8. List the prime factors of a(s).
3
Let l be 3/((3/15)/(-1)). Let k = l - -9. Let a = k + 21. What are the prime factors of a?
3, 5
Let q be (23/3)/((-2)/(-30)). List the prime factors of q/9 + (-6)/(-27).
13
Suppose -5*v + 690 = 4*l, -v + 3*l + 37 = -101. List the prime factors of v.
2, 3, 23
Let x = -25 - -18. Let k(g) = -g + 1. List the prime factors of k(x).
2
Let s be 1*(-19 - -2) - -1. Let t = 5 - s. Let q = t - 7. What are the prime factors of q?
2, 7
Suppose 2*b + b = 15. What are the prime factors of b?
5
Let b(q) be the second derivative of -q**4/12 - 5*q**3/3 + 15*q**2/2 + 2*q. Let d be (-3)/(-12) - (-45)/(-4). List the prime factors of b(d).
2
What are the prime factors of ((-32)/(-12))/(-4) - 3400/(-15)?
2, 113
Suppose -3*f = 3*o - 18, 21 = f - 0*f + 4*o. Suppose -2*d - f = -19. What are the prime factors of d?
3
Let s = -2 - -37. What are the prime factors of s?
5, 7
Suppose -2*x = 2*w - x + 22, 0 = w - 4*x + 2. Let o be (4 + -6)*(w + 0). Let c = o - 13. What are the prime factors of c?
7
Let m = -45 + 79. What are the prime factors of m?
2, 17
Let i = 3 - 5. Let d be (-6)/(-1) - (-1 - i). Suppose -3*m + 48 = 5*n, -n - 2*n + 32 = d*m. List the prime factors of n.
3
Suppose -2*s = -9 - 11. Suppose -5*c + s = -0*c. List the prime factors of (-6)/c + (-13)/(-1).
2, 5
Let o(g) = g**2 + 17*g + 25. List the prime factors of o(-17).
5
Suppose 2*i - 3 = f, -3*i - 5*f = -i + 3. List the prime factors of ((-24)/(-4) - -2)/i.
2
Suppose 0 = o - 0*o. Let h = 3 - o. List the prime factors of h.
3
Suppose 0 = 3*f + 5*o - 160, f - 2*o - 41 - 5 = 0. List the prime factors of f.
2, 5
Let j(u) = 4*u - 6. Let s = 20 + -14. What are the prime factors of j(s)?
2, 3
Suppose 4*k = 5*k. Suppose 2*u + 0*u = 4*g - 26, -u - 3 = k. What are the prime factors of g*1 + 12/6?
7
Let g(w) = -7*w - 8. List the prime factors of g(-11).
3, 23
Let x(y) = -y**2 - 7*y + 1. Let u be x(-6). Suppose -2*b + 4*b + u = 5*n, b = 4. Suppose r = -3*o + n*r - 2, -3*o + r + 2 = 0. List the prime factors of o.
2
Suppose 360 = -2*m + 5*m. List the prime factors of m.
2, 3, 5
Let q(p) = 2*p**2 - 11*p - 13. List the prime factors of q(-6).
5
Suppose -u + 78 = u. List the prime factors of u.
3, 13
Let t be (-6)/(-9) + (-56)/(-6). Let j be (-1)/(-1 + 8/t). Suppose 0*w + 4*w + 34 = 2*u, -j*w - 11 = 2*u. What are the prime factors of u?
7
Suppose 0 = 4*c + c - 25, c = -4*j + 5. Let x = 7 + -1. Suppose u - x - 6 = j. List the prime factors of u.
2, 3
Let k = -8 + 5. Suppose q - 5*n = -2*q - 7, q - 21 = -3*n. Let a = q + k. What are the prime factors of a?
3
Let p(w) = w**3 - 9*w**2 - 10*w + 7. Suppose -3*s - 2*s = -50. List the prime factors of p(s).
7
Let r(j) = j**2 - 3*j + 11. List the prime factors of r(5).
3, 7
Suppose -5*x - 8 = -5*c - 38, 4*c + 16 = 2*x. List the prime factors of 4/(-3)*-3*x.
2
Let t(v) = 0 + 3*v**2 + 3 - 2*v**2. What are the prime factors of t(-3)?
2, 3
Suppose 11 = 5*x + 1. Suppose -2*l = 3*d + 3*l - 86, 4*d - 96 = -x*l. What are the prime factors of d?
2, 11
Suppose -2